{"id":6518,"date":"2025-04-17T11:44:01","date_gmt":"2025-04-17T10:44:01","guid":{"rendered":"https:\/\/tennistarragona.com\/eventos\/el-padel-junior-vuelve-al-ctt-con-una-jornada-llena-de-energia-y-diversion\/"},"modified":"2025-04-17T11:44:01","modified_gmt":"2025-04-17T10:44:01","slug":"el-padel-junior-vuelve-al-ctt-con-una-jornada-llena-de-energia-y-diversion","status":"publish","type":"eventos","link":"https:\/\/tennistarragona.com\/es\/eventos\/el-padel-junior-vuelve-al-ctt-con-una-jornada-llena-de-energia-y-diversion\/","title":{"rendered":"\u00a1El p\u00e1del junior vuelve al CTT con una jornada llena de energ\u00eda y diversi\u00f3n!"},"content":{"rendered":"","protected":false},"excerpt":{"rendered":"","protected":false},"featured_media":6512,"template":"","etiqueta-evento":[],"class_list":["post-6518","eventos","type-eventos","status-publish","has-post-thumbnail","hentry"],"_links":{"self":[{"href":"https:\/\/tennistarragona.com\/es\/wp-json\/wp\/v2\/eventos\/6518","targetHints":{"allow":["GET"]}}],"collection":[{"href":"https:\/\/tennistarragona.com\/es\/wp-json\/wp\/v2\/eventos"}],"about":[{"href":"https:\/\/tennistarragona.com\/es\/wp-json\/wp\/v2\/types\/eventos"}],"version-history":[{"count":0,"href":"https:\/\/tennistarragona.com\/es\/wp-json\/wp\/v2\/eventos\/6518\/revisions"}],"wp:featuredmedia":[{"embeddable":true,"href":"https:\/\/tennistarragona.com\/es\/wp-json\/wp\/v2\/media\/6512"}],"wp:attachment":[{"href":"https:\/\/tennistarragona.com\/es\/wp-json\/wp\/v2\/media?parent=6518"}],"wp:term":[{"taxonomy":"etiqueta-evento","embeddable":true,"href":"https:\/\/tennistarragona.com\/es\/wp-json\/wp\/v2\/etiqueta-evento?post=6518"}],"curies":[{"name":"wp","href":"https:\/\/api.w.org\/{rel}","templated":true}]}}

¡El pádel junior vuelve al CTT con una jornada llena de energía y diversión!
