{"id":5654,"date":"2025-02-20T13:38:15","date_gmt":"2025-02-20T12:38:15","guid":{"rendered":"https:\/\/tennistarragona.com\/?post_type=campeonatos&#038;p=5654"},"modified":"2025-02-20T13:38:16","modified_gmt":"2025-02-20T12:38:16","slug":"ii-gran-slam-de-menors","status":"publish","type":"campeonatos","link":"https:\/\/tennistarragona.com\/en\/campeonatos\/ii-gran-slam-de-menors\/","title":{"rendered":"II GRAN SLAM DE MENORS"},"content":{"rendered":"\n<p>El Club Tennis Tarragona acollir\u00e0 el II Gran Slam de Menors de la Federaci\u00f3 Catalana de P\u00e0del del 14 al 23 de mar\u00e7.<\/p>\n\n\n\n<p>Categories, de benjam\u00ed a j\u00fanior, masculina i femenina.<\/p>\n\n\n\n<p>Les inscripcions es fan a trav\u00e9s de la <a href=\"https:\/\/fcpadel.cat\/competicio\/circuits\/circuit-menors\/2025\/ii-gran-slam-club-tennis-tarragona\/informacio\" target=\"_blank\" rel=\"noopener\">Federaci\u00f3 Catalana de P\u00e0del<\/a>, tenint com a data l\u00edmit el 7 de mar\u00e7.<\/p>\n\n\n\n<p>SOM-HI!<\/p>\n","protected":false},"excerpt":{"rendered":"<p>El Club Tennis Tarragona acollir\u00e0 el II Gran Slam de Menors de la Federaci\u00f3 Catalana de P\u00e0del del 14 al 23 de mar\u00e7. Categories, de benjam\u00ed a j\u00fanior, masculina i femenina. Les inscripcions es fan a trav\u00e9s de la Federaci\u00f3 Catalana de P\u00e0del, tenint com a data l\u00edmit el 7 de mar\u00e7. SOM-HI!<\/p>\n","protected":false},"featured_media":5655,"template":"","class_list":["post-5654","campeonatos","type-campeonatos","status-publish","has-post-thumbnail","hentry"],"_links":{"self":[{"href":"https:\/\/tennistarragona.com\/en\/wp-json\/wp\/v2\/campeonatos\/5654","targetHints":{"allow":["GET"]}}],"collection":[{"href":"https:\/\/tennistarragona.com\/en\/wp-json\/wp\/v2\/campeonatos"}],"about":[{"href":"https:\/\/tennistarragona.com\/en\/wp-json\/wp\/v2\/types\/campeonatos"}],"version-history":[{"count":1,"href":"https:\/\/tennistarragona.com\/en\/wp-json\/wp\/v2\/campeonatos\/5654\/revisions"}],"predecessor-version":[{"id":5658,"href":"https:\/\/tennistarragona.com\/en\/wp-json\/wp\/v2\/campeonatos\/5654\/revisions\/5658"}],"wp:featuredmedia":[{"embeddable":true,"href":"https:\/\/tennistarragona.com\/en\/wp-json\/wp\/v2\/media\/5655"}],"wp:attachment":[{"href":"https:\/\/tennistarragona.com\/en\/wp-json\/wp\/v2\/media?parent=5654"}],"curies":[{"name":"wp","href":"https:\/\/api.w.org\/{rel}","templated":true}]}}

<p>El Club Tennis Tarragona acollirà el II Gran Slam de Menors de la Federació Catalana de Pàdel del 14 al 23 de març.</p>



<p>Categories, de benjamí a júnior, masculina i femenina.</p>



<p>Les inscripcions es fan a través de la <a href="https://fcpadel.cat/competicio/circuits/circuit-menors/2025/ii-gran-slam-club-tennis-tarragona/informacio" target="_blank" rel="noopener">Federació Catalana de Pàdel</a>, tenint com a data límit el 7 de març.</p>



<p>SOM-HI!</p>

<p>El Club Tennis Tarragona acollirà el II Gran Slam de Menors de la Federació Catalana de Pàdel del 14 al 23 de març. Categories, de benjamí a júnior, masculina i femenina. Les inscripcions es fan a través de la Federació Catalana de Pàdel, tenint com a data límit el 7 de març. SOM-HI!</p>
